 + 8 - 676 = -3*j, 5*j - 670 = -5*i. Let v be (-4)/(-6)*(-3)/(-1). Suppose v*p - 153 = -2*h + 3*p, -3*p + i = 2*h. Is h prime?
False
Let s(l) be the second derivative of -3/2*l**2 + 0 - 10/3*l**3 + l. Is s(-9) composite?
True
Suppose 1641 = 3*h - 642. Is h a composite number?
False
Let r = -23 + 60. Is r a composite number?
False
Suppose -c + 2*c - 483 = -2*k, -952 = -2*c + 3*k. Is c a prime number?
True
Suppose -h + 181 = -5*m, 0*h - 392 = -2*h - 5*m. Is h composite?
False
Let i(z) = -z + 11. Let f be i(8). Suppose 22 = c + f*x, 5*c + 4*x - 158 = x. Is c composite?
True
Let h(a) = 13*a**2 - 24*a - 10. Is h(-9) prime?
True
Let j(r) = -29*r + 17. Is j(-6) prime?
True
Let z be 2 - (-1 + 3 + -2). Suppose z*i = -i + 6. Suppose i*y - 45 = y - 5*k, -3*y = k - 79. Is y a prime number?
False
Let t = -606 - -865. Is t a prime number?
False
Let q(v) = 67*v - 9. Suppose 0 = 2*u + 3*d - 13 + 2, -2*u - d + 9 = 0. Is q(u) prime?
False
Suppose 4*g = 33 + 3. Is g a composite number?
True
Suppose -6051 = 3*b - 6*b. Is b a prime number?
True
Let m be -8*2/(-4) - -1. Suppose -2*f - 26 = 3*x - 586, m*x - 1124 = -4*f. Suppose -4*z = -f + 102. Is z a prime number?
False
Suppose 57371 + 4393 = 12*a. Is a a prime number?
True
Let v = -827 - -1608. Is v prime?
False
Is (-953)/(-5) + 22/55 a prime number?
True
Let w = -37 + 43. Is w prime?
False
Let w(i) be the second derivative of 1/6*i**3 - i + 0 - 5/2*i**2 - 1/20*i**5 + 1/2*i**4. Is w(4) a composite number?
False
Suppose -j = -3*d + 6*d - 16303, -j = -d + 5437. Is d prime?
False
Let o(q) = -q - 5. Let z be o(-5). Suppose -p + 4*j + 13 = -2*p, 0 = -4*p + j + 16. Suppose 0 = y - p*x + 8*x - 28, z = -4*x - 4. Is y composite?
True
Suppose 3*n - 71 = 2*n. Is n prime?
True
Suppose 0*q + 3*q - 2493 = 0. Is q prime?
False
Suppose -2*v + 4*d = d - 4, -v + 4*d = -2. Let c(m) = -m + 4. Let a be c(v). Suppose -2*n + 5*l = -5 - 102, -97 = -a*n - 5*l. Is n composite?
True
Suppose 5*r - 9 = -3*f + 6, 0 = -f. Suppose -v = 2*v. Suppose 5*u - r*s - 163 = v, -u - s + 47 = 8. Is u prime?
False
Suppose -4*f = -0*x - 3*x - 1166, 6 = 3*x. Is f prime?
True
Let m(p) = -40*p + 15. Is m(-17) prime?
False
Let m(h) = h**3 + h**2 + h + 2. Let x be m(-2). Let s = 11 + -81. Is (s/4)/(2/x) a prime number?
False
Suppose 3*u + 4*i - 805 = 0, 2*i + 518 = 2*u - 0*i. Is u a composite number?
False
Suppose 3*a + 39 - 117 = 0. Let k be 3/6 + (-73)/(-2). Let t = k - a. Is t a composite number?
False
Suppose -4*h - 70 = 5*n, -11 + 1 = 5*n. Suppose 0 = -0*w - 3*w - 4110. Is w/h - (-2)/(-6) composite?
True
Let k = 10 + -7. Suppose -7 = -n - 4*z + 5, 2 = k*n - 5*z. Suppose -5*q + 70 = -n*a, q - 5*a - 19 = -5. Is q prime?
False
Suppose 0 = n + 80 - 283. Is n a composite number?
True
Let c(r) = -r**2 - 9*r - 14. Let k be c(-6). Suppose k*h = 296 + 228. Is h prime?
True
Let v(o) = 21*o. Let x = 7 - 6. Is v(x) prime?
False
Let y(l) = -l - 7. Let x be y(-7). Is (-1 + x)*(-2 + -21) a composite number?
False
Let q = 3 + -2. Let i(w) = 77*w. Is i(q) a prime number?
False
Let q(g) be the first derivative of 17*g**2/2 - 3*g - 3. Is q(2) composite?
False
Let f = 1426 + -347. Is f prime?
False
Let b(o) be the first derivative of -o**5/20 - o**4/2 - o**3/2 + o**2/2 + 2*o + 3. Let m(u) be the first derivative of b(u). Is m(-6) composite?
False
Suppose 4*b + q + 2*q - 175 = 0, 2*q + 70 = 2*b. Suppose 0 = -w, 4*w = -r - 4*r + b. Suppose d = -t + 33, -r*d - 78 = -2*t - 4*d. Is t composite?
True
Let v = 0 + 3. Suppose 0 = -v*g - 0*q + 5*q + 101, 0 = 2*q + 8. Suppose g = h - 50. Is h prime?
False
Let k(f) = -799*f - 1. Is k(-2) a prime number?
True
Let f(z) = 2*z**2 - 8*z - 2. Let n be 1/(-2) - 14/(-4). Let u = n - -3. Is f(u) a prime number?
False
Let h = -557 - -784. Let p = 348 + 42. Let g = p - h. Is g composite?
False
Is -2*(4 + (-2126)/4) prime?
False
Suppose m + 128 + 35 = 0. Let u = m - -798. Is u a prime number?
False
Suppose -3242 + 790 = -4*k. Is k a prime number?
True
Suppose 4*g = 10*g - 7458. Is g composite?
True
Let t(m) = m**3 - 6*m**2 + 6*m - 1. Let r be (-26)/(-6) + (-2)/(-3). Let d be t(r). Suppose -4*x = b - 28, -3*x - 14 = d*b - 35. Is x a composite number?
False
Suppose 0 = 4*p - 0 - 48. Suppose 0 = 4*b - 7*b + p. Let n(s) = 21*s - 5. Is n(b) a prime number?
True
Let r(a) = 156*a**2 + 2*a - 1. Suppose -3*s + 4*s - 1 = 0. Is r(s) a composite number?
False
Suppose i + 3*i + 5*r - 9 = 0, 2*r - 2 = 0. Is (-2)/i + 1*87 a prime number?
False
Let u(p) = 2*p**2 + 4*p + 3. Is u(-4) a composite number?
False
Let h be (16/2)/(2/3). Suppose 4*s = -5*b - h, -s = -b - 2*b + 3. Suppose 0*n + 9 = 3*n + 4*i, -4*n + 4*i + 12 = b. Is n a composite number?
False
Let d = 1579 + -930. Is d composite?
True
Let a = 5 - 0. Let b be (-1)/(-1) - -1*a. Suppose -l + 2*k = -45, 3*l - b*k - 136 = -k. Is l a prime number?
True
Suppose 6*j = 3*j - 1110. Let m = -105 - j. Is m prime?
False
Let x(l) = 16*l**2 + 2*l. Let z be x(-2). Let g = z + -11. Suppose v + 2 = 0, g = 4*j + 5*v - 45. Is j a prime number?
False
Let v(a) = -a + 11. Let r be v(9). Let l(t) = -1 - t**r + t**2 + 3*t**2 - t. Is l(5) prime?
False
Is (-4)/10 - (82056/(-40) + 4) a composite number?
True
Let b be (-3 - -2)/((-1)/272). Suppose 2*t = 392 + b. Suppose -82 = 3*p - 4*p + 5*w, -5*p - w = -t. Is p a composite number?
False
Let a(s) be the third derivative of s**6/120 + s**5/4 + 3*s**4/8 - 5*s**3/6 - 3*s**2. Is a(-12) a composite number?
True
Let t be -2 + 5 + 1/(-1). Suppose t*i - 163 = -33. Is i prime?
False
Is 10*((-130)/4)/(-5) prime?
False
Suppose 8*v - 6*v - 634 = 0. Is v prime?
True
Let c = 0 + 4. Let b be (-16)/(-12) - c/(-6). Suppose -2*z = -3*q + 53, -z - 27 = -b*q + 2*z. Is q composite?
True
Suppose -34*k + 30*k = -12. Is (-1)/k - (-3432)/36 prime?
False
Is (-9)/(-6)*5726/21 a composite number?
False
Is (2 - (-415)/2) + 30/20 a prime number?
True
Let t be (-6*1)/2 - -3. Let d be (6/(-3) + 3)*0. Suppose -2*r + d*r + 46 = t. Is r a prime number?
True
Suppose -4*x + 19 = -9. Let s = 52 + x. Is s composite?
False
Let l be ((-2 + 2)/(-1))/(-2). Let g(w) = -20*w + 8. Let u be g(-7). Suppose -2*j + 6*j - u = l. Is j prime?
True
Suppose 2*h = -8, -2*i - 8*h + 3*h + 386 = 0. Is i composite?
True
Let s(u) = u**3 - 7*u**2 + 6*u + 6. Let r be s(6). Suppose -r*t + 393 = -3*t. Is t a composite number?
False
Let m = 380 + -809. Let k = m + 908. Suppose -3*l + 4*w + k = 0, -4*l + 2*l + w + 321 = 0. Is l a prime number?
False
Suppose f = 2*v - 2*f + 15, 3*v + 2*f - 10 = 0. Suppose 2*o = -v*o. Suppose o = -4*x + 3*a - 4*a + 89, x + 4*a = 41. Is x a composite number?
True
Let i(y) = y + 8. Let c be i(0). Suppose -c = 4*h + 4, 0 = -2*l - 5*h + 101. Is l prime?
False
Let c be 1/2 + 40/16. Suppose -2*h - c*w - 10 + 4 = 0, h + w = -2. Suppose 4*x = h, -37 - 63 = -4*b + 2*x. Is b a prime number?
False
Let v(m) = -36*m - 1. Is v(-4) prime?
False
Let r(f) = 2*f**2 - 13*f + 13. Is r(9) a prime number?
False
Suppose 4*m + 16 = 0, 4*d - 72 = 3*m + m. Let c be 49/d - 2/4. Is 114/(6/c) + 2 a prime number?
True
Let d(q) be the second derivative of -103*q**3/6 - 3*q**2/2 + 2*q. Is d(-2) a composite number?
True
Let z(d) = d**2 - 7*d + 5. Let w be z(7). Let s(b) = 3 + w - 4*b + 3*b. Is s(-6) a prime number?
False
Let w(h) = -h**2 - 3*h + 4. Let o be w(-6). Let u = o - -23. Suppose u = -3*x, 6*p - 60 = 3*p - 3*x. Is p prime?
True
Suppose 3*a + 3*z = 5*a - 11, 2*a - z - 9 = 0. Is ((-1004)/a)/(-4 + 3) prime?
True
Suppose 1753 = i + 314. Is i composite?
False
Let k(a) = 3*a**2 + 2 - a - 3 - 2*a**2. Let v(h) = h**2 + 3*h - 2. Let c be v(-2). Is k(c) a composite number?
False
Let t be 193/((9/(-6))/3). Let k = 543 + t. Is k a composite number?
False
Let d(a) = -a - 12. Let k be d(-11). Is 227 - k/1*-4 prime?
True
Suppose -3*u + 28 = -7*u. Let r = -7 - u. Suppose 4*a - 2*s - 286 = -r*s, -2*a + 2*s + 148 = 0. Is a composite?
True
Suppose 0 = 5*u - 2*u + 4*o + 27, 2*u = -2*o - 18. Let p be (0 - -1)/(3/(-9)). Is (3/u)/(p/189) prime?
False
Let l = -9 + 474. Let j = 664 - l. Is j prime?
True
Let y = -16 - -32. Let u = 39 + y. Is u prime?
False
Suppose 1 = 5*h - 19. Suppose 7*p + 15 = 2*p, 3*j + h*p = 72. Suppose 0 = 4*g - 2*o - j - 88, 4*o + 108 = 4*g. Is g a composite number?
False
Suppose -5*i = -7*g + 3*g + 837, -4*i = -12. Suppose -4*h + h = -g. Le